{"version":"1.0","provider_name":"Blog de Capilae.es","provider_url":"https:\/\/www.capilae.es\/blog","author_name":"Admin_capilae","author_url":"https:\/\/www.capilae.es\/blog\/author\/admin_capilae","title":"Al mes. - Blog de Capilae.es","type":"rich","width":600,"height":338,"html":"<blockquote class=\"wp-embedded-content\" data-secret=\"a07DW2C3o9\"><a href=\"https:\/\/www.capilae.es\/blog\/100\/al-mes\">Al mes.<\/a><\/blockquote><iframe sandbox=\"allow-scripts\" security=\"restricted\" src=\"https:\/\/www.capilae.es\/blog\/100\/al-mes\/embed#?secret=a07DW2C3o9\" width=\"600\" height=\"338\" title=\"\u00abAl mes.\u00bb \u2014 Blog de Capilae.es\" data-secret=\"a07DW2C3o9\" frameborder=\"0\" marginwidth=\"0\" marginheight=\"0\" scrolling=\"no\" class=\"wp-embedded-content\"><\/iframe><script type=\"text\/javascript\">\n\/* <![CDATA[ *\/\n\/*! This file is auto-generated *\/\n!function(d,l){\"use strict\";l.querySelector&&d.addEventListener&&\"undefined\"!=typeof URL&&(d.wp=d.wp||{},d.wp.receiveEmbedMessage||(d.wp.receiveEmbedMessage=function(e){var t=e.data;if((t||t.secret||t.message||t.value)&&!\/[^a-zA-Z0-9]\/.test(t.secret)){for(var s,r,n,a=l.querySelectorAll('iframe[data-secret=\"'+t.secret+'\"]'),o=l.querySelectorAll('blockquote[data-secret=\"'+t.secret+'\"]'),c=new RegExp(\"^https?:$\",\"i\"),i=0;i<o.length;i++)o[i].style.display=\"none\";for(i=0;i<a.length;i++)s=a[i],e.source===s.contentWindow&&(s.removeAttribute(\"style\"),\"height\"===t.message?(1e3<(r=parseInt(t.value,10))?r=1e3:~~r<200&&(r=200),s.height=r):\"link\"===t.message&&(r=new URL(s.getAttribute(\"src\")),n=new URL(t.value),c.test(n.protocol))&&n.host===r.host&&l.activeElement===s&&(d.top.location.href=t.value))}},d.addEventListener(\"message\",d.wp.receiveEmbedMessage,!1),l.addEventListener(\"DOMContentLoaded\",function(){for(var e,t,s=l.querySelectorAll(\"iframe.wp-embedded-content\"),r=0;r<s.length;r++)(t=(e=s[r]).getAttribute(\"data-secret\"))||(t=Math.random().toString(36).substring(2,12),e.src+=\"#?secret=\"+t,e.setAttribute(\"data-secret\",t)),e.contentWindow.postMessage({message:\"ready\",secret:t},\"*\")},!1)))}(window,document);\n\/\/# sourceURL=https:\/\/www.capilae.es\/blog\/wp-includes\/js\/wp-embed.min.js\n\/* ]]> *\/\n<\/script>\n","description":"Hola: Despu\u00e9s de unos d\u00edas de vacaciones, con mucho cuidado para que no le de el sol a los injertos, estoy aqu\u00ed de nuevo, para mostrar los resultados al mes de mi cirug\u00eda de injerto capilar. Aqu\u00ed ten\u00e9is la foto de la parte frontal. Como veis, hay cierta disminuci\u00f3n de la densidad respecto a las [&hellip;]","thumbnail_url":"http:\/\/mitransplantedepelo.files.wordpress.com\/2011\/09\/dsc_0368.jpg?w=300"}

Hola: Después de unos días de vacaciones, con mucho cuidado para que no le de el sol a los injertos, estoy aquí de nuevo, para mostrar los resultados al mes de mi cirugía de injerto capilar. Aquí tenéis la foto de la parte frontal. Como veis, hay cierta disminución de la densidad respecto a las [&hellip;]
